, 1553173
What are the prime factors of 6306547847?
6306547847
List the prime factors of 156750886.
2, 409, 191627
What are the prime factors of 314956347?
3, 67, 139, 11273
List the prime factors of 418892865.
3, 5, 27926191
What are the prime factors of 2953961903?
2953961903
What are the prime factors of 218170008?
2, 3, 7, 19, 22783
List the prime factors of 145149201.
3, 503, 32063
What are the prime factors of 51731037?
3, 127, 45259
List the prime factors of 382661560.
2, 5, 9566539
What are the prime factors of 2785816051?
23, 53, 2285329
List the prime factors of 612025808.
2, 31, 1233923
List the prime factors of 514147168.
2, 79, 203381
List the prime factors of 176249625.
3, 5, 17, 27647
List the prime factors of 703356847.
703356847
List the prime factors of 9568215487.
23, 5471, 76039
What are the prime factors of 32184301?
379, 84919
List the prime factors of 2134385732.
2, 29, 101, 182177
What are the prime factors of 17253018?
2, 3, 958501
What are the prime factors of 246472803?
3, 479, 57173
List the prime factors of 273589677.
3, 10132951
List the prime factors of 2326265380.
2, 5, 17, 19, 41, 8783
List the prime factors of 457636491.
3, 13, 3911423
List the prime factors of 346135185.
3, 5, 11, 37, 18899
What are the prime factors of 3978776251?
31, 128347621
What are the prime factors of 876431054?
2, 23, 19052849
What are the prime factors of 1384258523?
41, 47, 718349
List the prime factors of 80829391.
101, 800291
What are the prime factors of 27629125?
5, 67, 3299
List the prime factors of 389772711.
3, 3881, 11159
List the prime factors of 960476313.
3, 320158771
What are the prime factors of 2809946092?
2, 89, 7893107
What are the prime factors of 375070132?
2, 41, 2287013
List the prime factors of 541757788.
2, 11, 13, 947129
What are the prime factors of 112193508?
2, 3, 7, 1335637
List the prime factors of 666060527.
11, 17, 577, 6173
List the prime factors of 355259337.
3, 4723, 25073
What are the prime factors of 73675432?
2, 9209429
List the prime factors of 158794906.
2, 109, 728417
List the prime factors of 36160676.
2, 9040169
List the prime factors of 1299227713.
7, 389, 477131
What are the prime factors of 63688759?
191, 333449
What are the prime factors of 936100436?
2, 19, 648269
What are the prime factors of 35601032?
2, 4450129
List the prime factors of 63181579.
63181579
What are the prime factors of 411473751?
3, 13, 43, 131, 1873
What are the prime factors of 23841485?
5, 19, 250963
List the prime factors of 668810839.
3559, 187921
What are the prime factors of 68324470?
2, 5, 109, 62683
What are the prime factors of 41805995?
5, 7, 11, 108587
What are the prime factors of 49657026?
2, 3, 257, 32203
What are the prime factors of 36571684?
2, 9142921
List the prime factors of 184834591.
17, 3001, 3623
List the prime factors of 704456651.
704456651
List the prime factors of 5451641448.
2, 3, 11, 101, 18587
List the prime factors of 137876869.
13, 10605913
What are the prime factors of 47032181?
7, 607, 11069
What are the prime factors of 1830297390?
2, 3, 5, 61009913
What are the prime factors of 360758540?
2, 5, 18037927
List the prime factors of 7425212.
2, 1856303
What are the prime factors of 70896547?
70896547
What are the prime factors of 46310651?
29, 47, 61, 557
List the prime factors of 5218933390.
2, 5, 11, 31, 1021, 1499
What are the prime factors of 3649096184?
2, 456137023
What are the prime factors of 295274531?
181, 1631351
What are the prime factors of 2687470881?
3, 709, 1263503
List the prime factors of 161334557.
161334557
List the prime factors of 1492144002.
2, 3, 67, 541, 2287
List the prime factors of 730172990.
2, 5, 73017299
What are the prime factors of 2371190128?
2, 131, 191, 5923
What are the prime factors of 5062447190?
2, 5, 43, 79, 149027
What are the prime factors of 19660884?
2, 3, 1093, 1499
What are the prime factors of 287735743?
59, 4876877
What are the prime factors of 78081852?
2, 3, 47, 167, 829
What are the prime factors of 10182099?
3, 17, 43, 4643
What are the prime factors of 807778880?
2, 5, 2524309
What are the prime factors of 59141335?
5, 11, 31, 34687
What are the prime factors of 952568512?
2, 7, 2126269
What are the prime factors of 2363247470?
2, 5, 23, 173, 59393
What are the prime factors of 116996134?
2, 439, 133253
List the prime factors of 1190710586.
2, 13, 271, 168991
List the prime factors of 50840880.
2, 3, 5, 17, 733
List the prime factors of 527952288.
2, 3, 337, 16319
What are the prime factors of 712508405?
5, 7, 20357383
List the prime factors of 840443153.
11, 2011, 37993
What are the prime factors of 1431812046?
2, 3, 7, 17, 286477
What are the prime factors of 1263600020?
2, 5, 3793, 16657
List the prime factors of 1420543072.
2, 13, 37, 41, 2251
List the prime factors of 1936315047.
3, 149, 4331801
What are the prime factors of 47828621?
179, 267199
List the prime factors of 323296697.
323296697
List the prime factors of 3165450001.
7, 452207143
List the prime factors of 80543862.
2, 3, 7, 213079
What are the prime factors of 1088437087?
17, 64025711
List the prime factors of 79902524.
2, 13, 19, 6221
What are the prime factors of 896988228?
2, 3, 67, 1115657
What are the prime factors of 266411167?
11, 401, 60397
List the prime factors of 527288892.
2, 3, 13, 23, 179, 821
List the prime factors of 292310630.
2, 5, 19, 223, 6899
What are the prime factors of 602625399?
3, 31, 47, 137869
What are the prime factors of 2218072731?
3, 7, 71, 1487641
List the prime factors of 479900483.
193, 2486531
What are the prime factors of 6666015338?
2, 3333007669
List the prime factors of 13509586.
2, 47, 143719
What are the prime factors of 28028076?
2, 3, 23, 173, 587
What are the prime factors of 35517220?
2, 5, 613, 2897
What are the prime factors of 3998572014?
2, 3, 31, 21497699
List the prime factors of 350809011.
3, 7, 5568397
What are the prime factors of 3844917071?
41687, 92233
List the prime factors of 956656800.
2, 3, 5, 11, 47, 257
What are the prime factors of 292144606?
2, 13, 11236331
List the prime factors of 203702664.
2, 3, 11, 521, 1481
List the prime factors of 360005920.
2, 5, 19, 118423
List the prime factors of 405297634.
2, 7, 89, 239, 1361
List the prime factors of 46842714.
2, 3, 19, 29, 4723
List the prime factors of 3306069395.
5, 661213879
List the prime factors of 1316865641.
7, 13, 167, 12379
What are the prime factors of 1461295993?
29, 743, 67819
List the prime factors of 1000231562.
2, 11, 45465071
What are the prime factors of 933354916?
2, 13, 373, 48121
What are the prime factors of 131418873?
3, 14602097
List the prime factors of 144517087.
11, 13, 41, 157
List the prime factors of 63698564.
2, 19, 838139
List the prime factors of 223984929.
3, 7, 1523707
List the prime factors of 4231828185.
3, 5, 13, 21701683
List the prime factors of 218689330.
2, 5, 21868933
What are the prime factors of 993787474?
2, 151, 3290687
What are the prime factors of 24629112?
2, 3, 342071
List the prime factors of 205723865.
5, 41144773
List the prime factors of 890645826.
2, 3, 7, 21205853
List the prime factors of 847635541.
847635541
List the prime factors of 571770303.
3, 13, 1193, 12289
What are the prime factors of 5170147697?
11, 13, 36154879
What are the prime factors of 222250746?
2, 3, 43, 861437
What are the prime factors of 1585933530?
2, 3, 5, 113, 467827
List the prime factors of 1164162537.
3, 199, 72223
List the prime factors of 220558848.
2, 3, 143593
List the prime factors of 336018154.
2, 19, 233, 37951
What are the prime factors of 68516965?
5, 11, 1245763
What are the prime factors of 225175539?
3, 75058513
What are the prime factors of 406237785?
3, 5, 607, 44617
What are the prime factors of 18910041?
3, 6303347
What are the prime factors of 812996014?
2, 406498007
What are the prime factors of 5449106017?
211, 307, 84121
List the prime factors of 1772180480.
2, 5, 7, 197, 251
What are the prime factors of 48047071?
48047071
List the prime factors of 147506399.
17, 8676847
List the prime factors of 74291221.
31, 41, 58451
What are the prime factors of 1206685342?
2, 79, 7637249
What are the prime factors of 57313341?
3, 17, 67, 5591
List the prime factors of 594352948.
2, 7, 1423, 2131
What are t